-2).
5
Let g(y) = 2*y**2 - 2*y - 1. Let s be g(2). Suppose -s*n + 22 = -116. What are the prime factors of n?
2, 23
Let k be 6/(-8) + (-49)/4. Let m = 70 + k. List the prime factors of 3/15 - m/(-15).
2
Suppose 0 = 3*n + 2*t - 974, 5*n - 4*t - 1634 = -2*t. Let y = 461 - n. List the prime factors of y.
3, 5
Let q = -679 - -1151. Suppose -9*b + q - 121 = 0. List the prime factors of b.
3, 13
What are the prime factors of 9752/10 - (17 + 623/(-35))?
2, 61
Let m(q) = 4*q**2 - q**2 + 6 + 2*q + 0 - 4. Let r be m(-1). Suppose 2*f + 150 = 3*x + r*f, 4*f + 50 = x. What are the prime factors of x?
2, 5
Let q = 17 + -13. What are the prime factors of (-352)/(-33)*21/q?
2, 7
Suppose 23*q - 50779 = -6*q. List the prime factors of q.
17, 103
Suppose -3*i - 217 = -1201. Suppose -3*q - i = -3*n + 71, 4*q + 20 = 0. Suppose -207 - n = -5*v. List the prime factors of v.
67
Let i(n) = 35*n + 2. Let h(u) = 36*u + 2. Let y(o) = 6*h(o) - 5*i(o). Let d be y(3). Let l = d + -71. List the prime factors of l.
2, 3
Suppose -5*o + 3849 = 189. List the prime factors of o.
2, 3, 61
Suppose p = -4*r + 104, 2*p - 111 = -r + 118. Let v = -8 - -13. Suppose -31 = v*m - p. List the prime factors of m.
17
What are the prime factors of (-16 + (-1001)/(-65))/(1/(-6915))?
3, 461
Suppose 7963*n - 16770 = 7958*n. List the prime factors of n.
2, 3, 13, 43
Suppose 4*b - 13 = -1. Suppose -5*w - 122 = -t - w, -b*t - 3*w + 291 = 0. What are the prime factors of t?
2, 3, 17
Let a = 2 - -1. Let d be (a/3 - -3)*1. Suppose -d = 2*n + 4*l, n - 2*l - 26 = -n. What are the prime factors of n?
2
Suppose -2*p + 7*p + 75 = 0. Let x = 30 + p. Suppose 0 = -3*i + 3 + x. What are the prime factors of i?
2, 3
Suppose 45*q = 43*q + 16. Suppose 0 = 43*t - 45*t + q. What are the prime factors of t?
2
Suppose 18 = 2*w + 2*a - 5*a, 5*w + 1 = -4*a. Let p(i) = 9*i**2 - i + 2. List the prime factors of p(w).
2, 5
Let a be 20/(-35)*(-14)/4. Suppose 3*x = 7 + 11. Suppose z = a*k + 29, 5*z + x*k - k = 85. List the prime factors of z.
3, 7
Suppose 93 = -5*k + 8*k. Let m = k - 28. What are the prime factors of m?
3
What are the prime factors of -3 + (-12636)/(-15) - (-6)/10?
2, 3, 5, 7
Let p be 0/2*(-2)/4. Suppose y - 4*y = p. Let t = y + 18. What are the prime factors of t?
2, 3
Let s = -9 - -7. Let b(a) = 3*a**2 + 3*a**2 - 4*a + 3*a - 2 + 5*a**2. List the prime factors of b(s).
2, 11
Let q(d) be the third derivative of d**6/120 - 7*d**5/60 - 3*d**4/8 + 5*d**3/3 + 10*d**2. Let t be q(8). Let h = t + 3. List the prime factors of h.
5
Let n(v) = v**2 + 16*v - 21. Let w be n(-18). Let p = -1 + w. What are the prime factors of p?
2, 7
Let q = 0 + 2. Suppose 3 = 2*w + w, -q*n = 5*w - 17. What are the prime factors of (-3)/6*n/(-1)?
3
Let f be 32/(-3)*108/(-24). Let k = 112 - f. What are the prime factors of k?
2
Suppose 22*q - 1962 = 13*q. What are the prime factors of q?
2, 109
Suppose -3*j - 11 = -2*g + 3*g, -3*g = -3*j - 15. Let r be 0 - ((25 - 5)/(-4) - 0). List the prime factors of (r - -37)*(-6)/j.
3, 7
Let g be 35 - 1 - (0 + 0). Let p be (5 + -1)*g/8. Let o = 46 - p. What are the prime factors of o?
29
Suppose -4*b + 2*n - 110 + 32 = 0, 4*b - 4*n = -88. Let j(m) = m**2 + 10*m - 2. What are the prime factors of j(b)?
3, 13
Suppose -5*p + 1147 = -g, 0 = -3*p - 6*g + 4*g + 696. List the prime factors of p.
2, 5, 23
Let f be (0 - -8)*(1 - -2). Suppose 2*t = 3*o + 2*o + 21, -o - 5*t = 15. Let h = o + f. What are the prime factors of h?
19
Let z(a) = -a + 16. Let j be z(8). Let q = j - 8. Suppose q = 3*k - 2*d - 37, 0*k + 5*d = -4*k + 11. What are the prime factors of k?
3
List the prime factors of 379 - (8 + 0/(-2) + -5).
2, 47
Let q(t) be the first derivative of -t**2 - 4*t - 5. Let y be q(-4). List the prime factors of (y - 8/2) + 38.
2, 19
Suppose t + 5*x - 387 = 0, -169 = -t + 4*x + 191. What are the prime factors of t?
2, 3, 31
Let p(u) = -5*u**3 + u**2 - 6*u - 7. Let b(o) = 9*o**3 - o**2 + 11*o + 13. Let w(h) = 3*b(h) + 5*p(h). Let g be w(-2). List the prime factors of -5*1/g*110.
5, 11
Let s(h) = -h**3 - 24*h**2 + 23*h + 78. What are the prime factors of s(-26)?
2, 13
Let h(r) = 2*r**2 - 6*r + 8. Let c be h(3). Suppose -2*m + c = 0, -5*m = -0*g + 3*g - 263. What are the prime factors of g?
3
Let s(i) = 7*i**2 + 13*i - 10. List the prime factors of s(7).
2, 53
Suppose -w - w = -36. Suppose 0 = -22*l + w*l + 100. What are the prime factors of l?
5
What are the prime factors of 10925/4 + ((-57)/4 - -15)?
2, 683
Let y(c) = 71*c + 30. What are the prime factors of y(5)?
5, 7, 11
Let d(n) = -81*n + 378. List the prime factors of d(-32).
2, 3, 5, 11
Let k(m) be the third derivative of m**6/120 - 7*m**5/60 - m**4/3 - 4*m**3/3 + 15*m**2. What are the prime factors of k(9)?
2, 41
Let d(c) = 3*c**2 + 78*c + 27. What are the prime factors of d(-33)?
2, 3, 5
Let w = -865 - -1261. Suppose -11*i - w = -13*i. List the prime factors of i.
2, 3, 11
Let v be (1 - 0) + (-3)/(15/(-10)). Suppose v*n + 2*c = c + 440, 5*c = -n + 170. What are the prime factors of n?
5, 29
Suppose -6*i - 6 = -8*i. Suppose 3*b - i*j = -b + 45, j + 59 = 5*b. Suppose 2*m = 0, p - 51 + b = -2*m. What are the prime factors of p?
3, 13
Suppose -t - 5*d = -191 + 22, 365 = 2*t + d. List the prime factors of t.
2, 23
Suppose -t = 2*t + 2*p - 57, -2*t - p + 37 = 0. Suppose 13*y - t*y + 168 = 0. List the prime factors of y.
2, 3, 7
Let n(o) = 5*o**3 - 2*o**2 + 2. Let a be n(1). Let x(b) = b**3 - b**2 + 4*b + 16. List the prime factors of x(a).
2, 17
Let g(m) = -m**3 - 15*m**2 + 2*m + 18. Let i be g(-15). Let l = -7 - i. Suppose y = -l*y + 300. What are the prime factors of y?
2, 5
Let z = -50 + 51. Let n(g) = 33*g + 11. List the prime factors of n(z).
2, 11
Suppose 2*p + 3*d = 1232 + 1541, -5*p + 2*d + 6980 = 0. What are the prime factors of p?
2, 17, 41
Let r(c) = -c**2 - 8*c + 2. Let o be r(-8). Suppose o*h = -h + 672. What are the prime factors of h?
2, 7
Let p = 2162 - 1490. What are the prime factors of p?
2, 3, 7
Suppose 5*v - 1408 = -3*q, 0 = -5*q - 4*v + 362 + 1976. List the prime factors of q.
2, 233
Suppose 0 = -4*y - 12, 35*d - 1112 = 31*d + 4*y. List the prime factors of d.
5, 11
Suppose 5*o - 6262 = -3*x + 3595, 0 = 2*x - 3*o - 6603. List the prime factors of x.
2, 3, 61
Suppose 5*t + t = 0. Suppose 0 = 3*p - t*p. Suppose p*j + 76 = j - 3*i, 0 = -3*j + 2*i + 193. What are the prime factors of j?
61
List the prime factors of (-5 + 7 - -124)*4/3.
2, 3, 7
What are the prime factors of 56*12/((-144)/(-618))?
2, 7, 103
Let f be 26/(-3) + (-20)/(-30). Let i = 9 + f. What are the prime factors of i + -3 + (-3 - -28)?
23
Suppose 3*t - 636 = 3*u, 4*u - t - 2*t + 845 = 0. Let h = -104 - u. What are the prime factors of h?
3, 5, 7
Let f = 9009 - 5504. What are the prime factors of f?
5, 701
Let g = -201 - -2454. List the prime factors of g.
3, 751
Let t = -7 - -11. Suppose -t*h = 282 - 90. Let b = 13 - h. What are the prime factors of b?
61
Let v(b) = b**2 - 20*b + 5784. List the prime factors of v(0).
2, 3, 241
Let i = 10 - 17. Let t(h) = -h**2 - 8*h - 9. Let u be t(i). What are the prime factors of -3 - -6 - u - 0?
5
Let n(a) = -a**2 + 0*a + a - 4 - 3*a + 11*a. Let p be n(8). What are the prime factors of p + (-204)/(-3) + 0?
2, 3
Let q(j) = -j**2 + 21*j + 46. Let p be q(23). Suppose p = -5*w + 4*w + 90. What are the prime factors of w?
2, 3, 5
Suppose -30 = -3*f + 6*f. Let g = f - -14. Suppose g*w + 4*w - 224 = 0. What are the prime factors of w?
2, 7
Let h(x) = 6*x**2 + 4*x - 8. Let j be h(5). Suppose 0 = 4*o + 54 - j. List the prime factors of o.
3
Suppose -149 = -4*x + 23. Suppose 4*q + x = 167. What are the prime factors of q?
31
Let d = 11299 + -7891. List the prime factors of d.
2, 3, 71
Let a = 18 + -15. Suppose 7*q + 8 = a*q. List the prime factors of 12 + 3 + (q - -2).
3, 5
Let m = 4244 + -2165. What are the prime factors of m?
3, 7, 11
Let w = 18 - 14. Suppose -q = -w*q. Suppose q = 4*p - 3*i - 56, i + 70 = -0*p + 5*p. List the prime factors of p.
2, 7
Suppose -g + 5*u - 326 = -2*g, -u + 2 = 0. List the prime factors of g.
2, 79
Suppose 9 = 4*b - 3*j, -14 = -6*b + 2*b + 2*j. Suppose -34 - 2 = -b*l. List the prime factors of l.
2, 3
Let j(z) = 51*z**3 - z**2 + 17*z - 9. List the prime factors of j(3).
2, 3, 5, 47
Suppose 5*m + 15 + 30 = 0. Let q 